digit of 218687?
6
What is the hundred thousands digit of 8716485?
7
What is the ten thousands digit of 282138?
8
What is the millions digit of 1905266?
1
What is the hundred thousands digit of 203382?
2
What is the units digit of 502357?
7
What is the ten thousands digit of 11593422?
9
What is the millions digit of 1231480?
1
What is the hundreds digit of 261577?
5
What is the units digit of 2922328?
8
What is the hundred thousands digit of 1073074?
0
What is the tens digit of 354880?
8
What is the hundreds digit of 2937044?
0
What is the tens digit of 336270?
7
What is the tens digit of 862884?
8
What is the hundreds digit of 415137?
1
What is the thousands digit of 1581898?
1
What is the thousands digit of 986502?
6
What is the units digit of 211763?
3
What is the thousands digit of 3544896?
4
What is the hundreds digit of 21236?
2
What is the hundred thousands digit of 7348345?
3
What is the units digit of 345264?
4
What is the ten thousands digit of 43943069?
4
What is the units digit of 723075?
5
What is the ten thousands digit of 277266?
7
What is the ten thousands digit of 128879?
2
What is the ten thousands digit of 2246583?
4
What is the units digit of 259389?
9
What is the ten thousands digit of 35634?
3
What is the thousands digit of 2695595?
5
What is the tens digit of 6893723?
2
What is the millions digit of 1382654?
1
What is the tens digit of 410161?
6
What is the units digit of 1164762?
2
What is the hundreds digit of 3194401?
4
What is the hundred thousands digit of 4920606?
9
What is the millions digit of 8609814?
8
What is the millions digit of 22887628?
2
What is the hundred thousands digit of 11274557?
2
What is the units digit of 464696?
6
What is the hundred thousands digit of 5097995?
0
What is the hundreds digit of 27536605?
6
What is the units digit of 5174510?
0
What is the hundred thousands digit of 798583?
7
What is the thousands digit of 9204987?
4
What is the units digit of 55257?
7
What is the hundreds digit of 4418657?
6
What is the hundreds digit of 17119386?
3
What is the ten thousands digit of 46447?
4
What is the hundreds digit of 96220?
2
What is the thousands digit of 196552?
6
What is the units digit of 260868?
8
What is the hundred thousands digit of 4207564?
2
What is the hundreds digit of 268655?
6
What is the tens digit of 64469?
6
What is the tens digit of 27216966?
6
What is the thousands digit of 549505?
9
What is the tens digit of 682836?
3
What is the hundreds digit of 1071782?
7
What is the hundreds digit of 4166983?
9
What is the units digit of 166504?
4
What is the hundred thousands digit of 3951080?
9
What is the millions digit of 2563126?
2
What is the hundred thousands digit of 7551097?
5
What is the ten thousands digit of 175439?
7
What is the units digit of 7288849?
9
What is the ten thousands digit of 763103?
6
What is the hundred thousands digit of 202818?
2
What is the hundreds digit of 6260945?
9
What is the thousands digit of 234792?
4
What is the ten thousands digit of 11401096?
0
What is the ten thousands digit of 2022524?
2
What is the ten thousands digit of 152883?
5
What is the tens digit of 8384838?
3
What is the tens digit of 262454?
5
What is the thousands digit of 26353357?
3
What is the ten millions digit of 10905176?
1
What is the hundreds digit of 1693908?
9
What is the millions digit of 1188779?
1
What is the hundreds digit of 281132?
1
What is the thousands digit of 28065991?
5
What is the millions digit of 21534447?
1
What is the tens digit of 4460841?
4
What is the hundred thousands digit of 3755976?
7
What is the ten thousands digit of 2651154?
5
What is the thousands digit of 44579?
4
What is the hundreds digit of 252315?
3
What is the tens digit of 101664?
6
What is the units digit of 354059?
9
What is the tens digit of 11366985?
8
What is the hundreds digit of 675304?
3
What is the thousands digit of 6111019?
1
What is the thousands digit of 468144?
8
What is the thousands digit of 1100699?
0
What is the thousands digit of 1394862?
4
What is the hundreds digit of 1196123?
1
What is the hundred thousands digit of 136087?
1
What is the millions digit of 6974303?
6
What is the units digit of 3457923?
3
What is the ten millions digit of 10174716?
1
What is the hundred thousands digit of 7132004?
1
What is the hundred thousands digit of 5623382?
6
What is the hundreds digit of 8949?
9
What is the ten thousands digit of 108904?
0
What is the hundreds digit of 15728?
7
What is the tens digit of 451222?
2
What is the hundred thousands digit of 204426?
2
What is the hundreds digit of 95400?
4
What is the millions digit of 6079835?
6
What is the tens digit of 3326968?
6
What is the hundred thousands digit of 9593264?
5
What is the ten thousands digit of 428006?
2
What is the millions digit of 1315584?
1
What is the hundred thousands digit of 3780779?
7
What is the thousands digit of 6308324?
8
What is the tens digit of 4657451?
5
What is the ten thousands digit of 153955?
5
What is the hundreds digit of 75715?
7
What is the units digit of 11861528?
8
What is the thousands digit of 2488104?
8
What is the ten thousands digit of 1044771?
4
What is the thousands digit of 35043057?
3
What is the units digit of 6088344?
4
What is the hundred thousands digit of 1786268?
7
What is the hundreds digit of 691743?
7
What is the hundreds digit of 302781?
7
What is the hundreds digit of 79828?
8
What is the hundreds digit of 682773?
7
What is the units digit of 13159?
9
What is the ten millions digit of 13117801?
1
What is the ten thousands digit of 146965?
4
What is the tens digit of 24432266?
6
What is the hundred thousands digit of 825876?
8
What is the hundred thousands digit of 1016848?
0
What is the hundreds digit of 20049?
0
What is the tens digit of 9146346?
4
What is the units digit of 2044414?
4
What is the tens digit of 599426?
2
What is the units digit of 2771062?
2
What is the tens digit of 59847?
4
What is the tens digit of 1361204?
0
What is the thousands digit of 69283?
9
What is the hundreds digit of 51873?
8
What is the tens digit of 16180591?
9
What is the thousands digit of 3025866?
5
What is the hundred thousands digit of 446158?
4
What is the thousands digit of 33557?
3
What is the tens digit of 541738?
3
What is the tens digit of 452491?
9
What is the millions digit of 1819851?
1
What is the thousands digit of 3421670?
1
What is the tens digit of 1029333?
3
What is the hundreds digit of 329807?
8
What is the ten thousands digit of 40926?
4
What is the millions digit of 5451758?
5
What is the hundred thousands digit of 7837937?
8
What is the thousands digit of 638675?
8
What is the hundred thousands digit of 13641365?
6
What is the thousands digit of 1783653?
3
What is the hundred thousands digit of 410643?
4
What is the hundred thousands digit of 10851590?
8
What is the units digit of 8177788?
8
What is the hundred thousands digit of 755213?
7
What is the ten thousands digit of 179224?
7
What is the millions digit of 2190845?
2
What is the ten thousands digit of 1214322?
1
What is the ten thousands digit of 185650?
8
What is the hundreds digit of 5547180?
1
What is the thousands digit of 1297682?
7
What is the ten thousands digit of 2811278?
1
What is the units digit of 7579442?
2
What is the thousands digit of 5536775?
6
What is the ten thousands digit of 12968953?
6
What is the thousands digit of 14254?
4
What is the hundreds digit of 22651078?
0
What is the units digit of 1652130?
0
What is the hundreds digit of 684638?
6
What is the units digit of 249504?
4
What is the hundreds digit of 23771120?
1
What is the tens digit of 544157?
5
What is the ten thousands digit of 365813?
6
What is the units digit of 958776?
6
What is the tens digit of 176796?
9
What is the hundred thousands digit of 197193?
1
What is the tens digit of 3097629?
2
What is the hundred thousands digit of 11527425?
5
What is the ten thousands digit of 362528?
6
What is the ten thousands digit of 5518758?
1
What is the tens digit of 285529?
2
What is the ten thousands digit of 11236153?
3
What is the millions digit of 2821726?
2
What is the hundred thousands digit of 12144514?
1
What is the hundreds digit of 956238?
2
What is the ten thousands digit of 342176?
4
What is the units digit of